0 = -4*t. Let m = -5 + t. What is the remainder when 11 is divided by (3 - m) + 0 + 2?
5
Let a(i) = -31*i - 49. Calculate the remainder when a(-5) is divided by 14.
8
Suppose -2*t = -3*t + 12. Suppose -177*q + 165*q = -84. What is the remainder when t is divided by q?
5
Suppose 2*j - j + 5*d + 12 = 0, 5*j - 2*d = 48. Let f be (-2)/j + 2310/24. What is the remainder when (f/15)/((-4)/(-40)) is divided by 13?
12
What is the remainder when 101 is divided by 20/(-8)*2 - (-19 + -1)?
11
Suppose 7*z - 165 = 724. What is the remainder when z is divided by 26?
23
Let b be (-6)/(-2) - 104/(-8). Calculate the remainder when b/8*(6 + 1 + -3) is divided by 2.
0
Let r be -189 + -2 + (3 + -1 - 5). Let y = r + 381. What is the remainder when y is divided by 27?
25
Let q(c) = c**2 + 2*c. What is the remainder when 239 is divided by q(4)?
23
What is the remainder when (-4)/(-1) + (63 - 4 - 4) is divided by 18?
5
Suppose -2*u = -u. Suppose -2*i - 4*b = 2, 3*b + 1 = -3*i - 2*b. What is the remainder when i is divided by (-2 + -1)/(-1) - u?
0
What is the remainder when (61 + -2)/(1/3) is divided by (-1 + 31)*(-39)/(-65)?
15
Suppose -b + 661 = 2*x, -2*x = 125 - 115. What is the remainder when b is divided by 32?
31
Let a = 115 - 63. Suppose -41*g + 77*g = 396. Calculate the remainder when a is divided by g.
8
Suppose -10*d + 7*d + 105 = 0. Let x = 213 + -144. What is the remainder when x is divided by d?
34
Let d(p) = -p**2 + 2*p + 7. Let g be d(4). Calculate the remainder when 34 + (g/2)/((-4)/(-8)) is divided by 5.
3
Suppose 0 = -33*f + 161 + 202. Calculate the remainder when 1429 is divided by f.
10
Let x(a) = 9*a + 5*a - 25 - a**2 + a + 20. Suppose 3*v - 2*r = 56, -88 = -0*v - 5*v - 2*r. Calculate the remainder when x(7) is divided by v.
15
Suppose -6*x + 200 = -x + 4*f, -5*x + 175 = -f. Calculate the remainder when 429 is divided by x.
33
Suppose 188 = 3*h + 11. Let o = -47 + h. What is the remainder when 33 is divided by o?
9
Let k(j) = -9*j - 48. Calculate the remainder when k(-28) is divided by 35.
29
Suppose -3*b + b = -3*p + 299, -2*b - 5*p = 323. Calculate the remainder when 63 is divided by (b/4)/(-7)*2.
8
Suppose 0 = -4*c + 1 - 5, 3*c = 5*l + 92. Let b = -13 - l. Let d = -60 + 87. What is the remainder when d is divided by b?
3
Let y = 13 - -73. Let s(w) = w**2 + 12*w - 41. Calculate the remainder when y is divided by s(-17).
42
Let w = -369 - -431. Calculate the remainder when 308 is divided by w.
60
Suppose 44*p + 15 = 49*p. What is the remainder when 99 is divided by p?
0
Suppose -6*c + 84 = 3*g - c, 100 = 5*g - 5*c. Let i(v) = v**2 + 8*v + 30. What is the remainder when i(-11) is divided by g?
17
Suppose 28*a - a = 1188. Let x(t) = -t**3 - t**2 - 4*t - 3. Let n be x(-3). Let s = a - n. Calculate the remainder when s is divided by 3.
2
Suppose 4*f = 3*l - 14, 0 = -2*l + 7*f - 2*f. Suppose -5*x + b + 8 = -l, b + 9 = 2*x. Suppose 2*h - 13 - 9 = 0. What is the remainder when h is divided by x?
2
Let a = 31 - 3. Suppose 0 = 6*c - 5*c - a. Suppose -2*o = -6*o + c. Calculate the remainder when 27 is divided by o.
6
Let t = 14 - 4. Suppose -t = -3*v - 7. Let m(q) = -2*q - 9. Calculate the remainder when m(-5) is divided by v.
0
Let o(f) = f**3 - 2*f**2 - f. Let j be o(2). Let d be 17 + -4 + 4/j. Suppose -c + d = -0*c. What is the remainder when 43 is divided by c?
10
Let i = 75 + 13. Suppose -o = -5*r - 25, o - 2*r - 4 - 24 = 0. Calculate the remainder when i is divided by o.
28
Suppose 4*p = -19 - 1, -t + 2*p = -17. What is the remainder when 119 is divided by (t/(-14))/((-2)/120)?
29
Let q(a) = -4*a + 4. Let n be q(4). Let j(f) = f**3 + 12*f**2 + f + 14. Let r be j(n). Calculate the remainder when 12 is divided by 35/r*10/25.
5
Suppose 106*n = 109*n - 372. What is the remainder when 374 is divided by n?
2
Suppose -j - 6 = 4*r - 84, 0 = -5*j - 10. Calculate the remainder when r is divided by 12.
8
Let d(i) = -638*i - 3172. Let j be 172/(-5) + 6/15. What is the remainder when 4/(30/j + 1) is divided by d(-5)?
16
Suppose 2*c = 2*x + 18, 3*c + x + 0*x = 23. Calculate the remainder when 5/(-25) - (-142)/10 is divided by c.
6
Let d(q) = q**2 + q + 1. What is the remainder when (-1)/((7/(-252)*-4)/((-40)/12)) is divided by d(-3)?
2
Suppose 0 = -5*f + 90 + 15. Suppose 1 = z, -121 = 83*v - 84*v + 3*z. What is the remainder when v is divided by f?
19
Suppose -10*s + 9 + 21 = 0. What is the remainder when 118 is divided by s?
1
Calculate the remainder when 149 is divided by (1*4/2)/((-28)/(-266)).
16
What is the remainder when 1374*((-56)/21 + 3) is divided by 20?
18
Suppose -14*x + 11*x + 318 = 0. Suppose -110*a + 172 = -x*a. Calculate the remainder when 255 is divided by a.
40
Suppose 7 = -4*a - 17. Suppose -315 = -4*b - b. What is the remainder when b is divided by -5*(-4)/a*(-48)/5?
31
Calculate the remainder when 151 is divided by 3*35/21 - -1*11.
7
Suppose -39 = 2*c + 11. Let v = 47 + c. Suppose -338 = -4*h + 2*t, -2*t = 3*h - 143 - 121. Calculate the remainder when h is divided by v.
20
Suppose -5*c - 48 = -4*d + 2*d, -d + 4 = 0. Calculate the remainder when (6 + c)*109/(-2) is divided by 28.
25
Suppose -62 = -k + 149. Calculate the remainder when k is divided by 53.
52
Suppose -h + 4*x = 253, x = -h + 2*x - 265. Let j = h - -532. Calculate the remainder when j is divided by 38.
35
Suppose 1 = l - 12. Let u = 868 - 823. Calculate the remainder when u is divided by l.
6
Suppose 0 = 23*v - 43*v + 160. Calculate the remainder when 237 is divided by v.
5
Let z(q) = 5*q + 26. Let r(f) = -f - 7. Let y be r(-10). Calculate the remainder when 81 is divided by z(y).
40
Let t = 40395 - 40384. What is the remainder when (-1 + -324)*(-4)/10 is divided by t?
9
Let i = 27 - 24. Suppose i*f = 12, -3*y - y + 4 = -f. Calculate the remainder when (y + -74)/(-4) - 3 is divided by 9.
6
Suppose 0 = 4*v - 4, a - 5*a + 3*v + 21 = 0. Let r(y) = -y**3 + 9*y**2 + 10*y + 15. Suppose 9 + 41 = 5*w. What is the remainder when r(w) is divided by a?
3
Let h = 144 + -43. Let y = h - 46. Calculate the remainder when y is divided by 29.
26
Let d = -1468 + 1532. Calculate the remainder when d is divided by 18.
10
What is the remainder when 396 is divided by 16/56 + -1*(-474)/7?
56
Calculate the remainder when 90 is divided by (3 + (-110)/33)*144/(-2).
18
Let m = -120 - -351. Calculate the remainder when m is divided by 18.
15
Let n(i) = i - 19. Let o(k) = -k**3 + 6*k**2 + 4*k. Calculate the remainder when o(3) is divided by n(27).
7
Let z(v) = 2*v**2 + 10*v + 0*v**2 - 5 - v**2 + 0. Let a = -68 - -57. Calculate the remainder when 29 is divided by z(a).
5
Let w = -34 - -160. Let n = -67 + w. Calculate the remainder when n is divided by 20.
19
Suppose 5 = -t + 4*y, 0 = 2*t - 5*y - 0*y + 4. Let k(j) = j**2 - 2*j + 7. Calculate the remainder when k(t) is divided by 4.
2
Suppose -15 = -3*g - 5*j + 26, 2*g - 4*j = 64. Calculate the remainder when g is divided by 5.
2
Let l = -32 + 14. Let b = 47 + l. Let d = b - -1. Calculate the remainder when 117 is divided by d.
27
Suppose 8 + 0 = -r + 2*w, -17 = -r - 3*w. Suppose 9*s + 1011 = -4*s + 1037. What is the remainder when r is divided by s?
0
Let q(c) be the third derivative of c**4/24 - c**3/6 - 4*c**2. Let t be q(-6). Let m = 8 - t. What is the remainder when 73 is divided by m?
13
Suppose 5*s + 4*o + 69 = 7*o, -s + o = 15. Calculate the remainder when ((-60)/(-3))/((-1)/(-2)) is divided by s/15*20/(-8)*7.
12
Let t(w) = 12*w**2 - w. Let i(k) = -k**3 - 9*k**2 + 8*k - 9. Let q be i(-10). Let a = q - 10. Calculate the remainder when t(a) is divided by 3.
2
Let c = -166 - -243. Calculate the remainder when c is divided by 43.
34
Suppose 5*d = d + 60. Suppose -18*u + d*u = 126. Let a = u + 60. Calculate the remainder when a is divided by 10.
8
What is the remainder when 178 is divided by 1380/50*20/12?
40
Let l(x) = -x**3 + 4*x**2 + 6*x + 4. Let a be (-17 + 12)*(-1 + 0). What is the remainder when l(a) is divided by 7?
2
Let l = 159 - 110. Let d = 208 - l. Calculate the remainder when d is divided by 32.
31
Suppose 193 = 5*b + v, 181 = 5*b - 6*v + 3*v. Let s(q) = q**3 + 38*q**2 - 81*q - 27. Calculate the remainder when b is divided by s(-40).
12
Let d be (-234)/(-12) + (-9)/6. Suppose -d = -2*y + 4. Suppose 4*r + y = m - 18, -5*m = -r - 107. Calculate